4664656.
2, 47, 6203
What are the prime factors of 23297397?
3, 1019, 7621
What are the prime factors of 10170852?
2, 3, 19, 31, 1439
What are the prime factors of 4276460?
2, 5, 37, 5779
What are the prime factors of 1273045?
5, 17, 881
What are the prime factors of 3487573?
491, 7103
What are the prime factors of 66149?
29, 2281
What are the prime factors of 2370223?
2370223
List the prime factors of 807734.
2, 403867
List the prime factors of 40826600.
2, 5, 204133
List the prime factors of 6656370.
2, 3, 5, 7, 29, 1093
List the prime factors of 2102248.
2, 262781
List the prime factors of 205337.
11, 1697
What are the prime factors of 4058?
2, 2029
List the prime factors of 549530.
2, 5, 179, 307
List the prime factors of 33822.
2, 3, 1879
What are the prime factors of 6741511?
7, 37, 26029
What are the prime factors of 33243577?
653, 50909
List the prime factors of 1021384.
2, 7, 13, 23, 61
What are the prime factors of 104782?
2, 52391
What are the prime factors of 832412?
2, 7, 31, 137
List the prime factors of 658135.
5, 131627
List the prime factors of 39785402.
2, 317, 62753
What are the prime factors of 29551?
29, 1019
List the prime factors of 613425.
3, 5, 8179
What are the prime factors of 132276?
2, 3, 73, 151
What are the prime factors of 168246?
2, 3, 13, 719
What are the prime factors of 61070?
2, 5, 31, 197
What are the prime factors of 2023659?
3, 11, 20441
List the prime factors of 13436580.
2, 3, 5, 239, 937
What are the prime factors of 50042?
2, 131, 191
What are the prime factors of 12774549?
3, 127, 33529
List the prime factors of 174056.
2, 21757
List the prime factors of 311307.
3, 103769
List the prime factors of 315559.
315559
What are the prime factors of 1477562?
2, 738781
List the prime factors of 2283581.
2283581
List the prime factors of 3375268.
2, 13, 4993
What are the prime factors of 192616?
2, 24077
What are the prime factors of 4264131?
3, 23, 29, 2131
What are the prime factors of 1484318?
2, 11, 19, 53, 67
List the prime factors of 19321167.
3, 6440389
What are the prime factors of 13112712?
2, 3, 17, 3571
What are the prime factors of 5393589?
3, 83, 21661
What are the prime factors of 510186?
2, 3, 23, 3697
List the prime factors of 2892327.
3, 37, 71, 367
What are the prime factors of 123607?
11, 17, 661
What are the prime factors of 6623712?
2, 3, 109, 211
List the prime factors of 313611.
3, 104537
List the prime factors of 2198642.
2, 19, 57859
What are the prime factors of 269231?
269231
List the prime factors of 10071565.
5, 7, 17, 16927
List the prime factors of 6525916.
2, 461, 3539
List the prime factors of 19828606.
2, 7, 1416329
List the prime factors of 1094509.
13, 59, 1427
List the prime factors of 88851.
3, 7, 4231
List the prime factors of 2328664.
2, 13, 22391
What are the prime factors of 4564021?
7, 11, 59273
List the prime factors of 184507.
307, 601
List the prime factors of 310197.
3, 103399
List the prime factors of 11164060.
2, 5, 558203
What are the prime factors of 84994?
2, 7, 13, 467
What are the prime factors of 1215757?
23, 52859
What are the prime factors of 10179914?
2, 5089957
List the prime factors of 4566831.
3, 751, 2027
List the prime factors of 327908.
2, 7, 239
What are the prime factors of 860398?
2, 7, 11, 37, 151
What are the prime factors of 526409?
13, 40493
List the prime factors of 135556.
2, 33889
List the prime factors of 2225687.
23, 96769
List the prime factors of 7262803.
71, 102293
List the prime factors of 638434.
2, 23, 13879
List the prime factors of 46800.
2, 3, 5, 13
What are the prime factors of 18618979?
347, 53657
What are the prime factors of 2520594?
2, 3, 233, 601
List the prime factors of 5472379.
11, 443, 1123
List the prime factors of 2155710.
2, 3, 5, 181, 397
List the prime factors of 2602600.
2, 5, 7, 11, 13
What are the prime factors of 307528?
2, 13, 2957
What are the prime factors of 22084388?
2, 5521097
What are the prime factors of 19017958?
2, 9508979
List the prime factors of 3383653.
7, 13, 19, 103
What are the prime factors of 20301?
3, 67, 101
List the prime factors of 107055.
3, 5, 13, 61
List the prime factors of 3060537.
3, 31, 32909
What are the prime factors of 33250779?
3, 19, 337, 577
List the prime factors of 9763899.
3, 17, 191449
List the prime factors of 2672037.
3, 359, 827
What are the prime factors of 19280014?
2, 13, 347, 2137
List the prime factors of 106013.
106013
List the prime factors of 1647173.
11, 13613
What are the prime factors of 483352?
2, 31, 1949
List the prime factors of 3283396.
2, 31, 26479
What are the prime factors of 9046523?
9046523
What are the prime factors of 32332550?
2, 5, 293, 2207
List the prime factors of 61804.
2, 15451
What are the prime factors of 495597?
3, 31, 73
List the prime factors of 688574.
2, 23, 14969
What are the prime factors of 2024868?
2, 3, 19, 83, 107
List the prime factors of 139623.
3, 11, 4231
What are the prime factors of 1264289?
13, 7481
What are the prime factors of 264376?
2, 7, 4721
What are the prime factors of 211226?
2, 105613
What are the prime factors of 48531?
3, 7, 2311
What are the prime factors of 915306?
2, 3, 7, 19, 31, 37
List the prime factors of 826769.
257, 3217
List the prime factors of 256363.
256363
What are the prime factors of 59198?
2, 29599
List the prime factors of 502513.
11, 4153
What are the prime factors of 8147355?
3, 5, 543157
List the prime factors of 942346.
2, 471173
What are the prime factors of 364122?
2, 3, 11, 613
List the prime factors of 1862418.
2, 3, 17, 19, 31
List the prime factors of 1305629.
13, 67, 1499
What are the prime factors of 173426?
2, 11, 7883
What are the prime factors of 1871428?
2, 13, 17, 29, 73
List the prime factors of 7648490.
2, 5, 764849
List the prime factors of 4014205.
5, 13, 61757
List the prime factors of 313858.
2, 23, 6823
List the prime factors of 1569589.
7, 23, 9749
List the prime factors of 277277.
7, 11, 13, 277
What are the prime factors of 2836559?
11, 257869
What are the prime factors of 6536214?
2, 3, 4483
What are the prime factors of 327669?
3, 239, 457
What are the prime factors of 896732?
2, 37, 73, 83
What are the prime factors of 11697945?
3, 5, 7, 111409
What are the prime factors of 13919?
31, 449
What are the prime factors of 4073718?
2, 3, 11, 61723
What are the prime factors of 141983?
41, 3463
What are the prime factors of 770623?
7, 15727
List the prime factors of 7674.
2, 3, 1279
List the prime factors of 1280286.
2, 3, 7, 1129
What are the prime factors of 5479433?
97, 56489
What are the prime factors of 980699?
701, 1399
List the prime factors of 228037.
163, 1399
List the prime factors of 527268.
2, 3, 7, 6277
What are the prime factors of 202688?
2, 3167
What are the prime factors of 279405?
3, 5, 7, 887
List the prime factors of 24228471.
3, 8076157
What are the prime factors of 3195426?
2, 3, 13, 71, 577
What are the prime factors of 23594?
2, 47, 251
What are the prime factors of 216686?
2, 108343
List the prime factors of 285663.
3, 7, 61, 223
What are the prime factors of 1391617?
19, 73243
What are the prime factors of 96309?
3, 29, 41
List the prime factors of 274584.
2, 3, 17, 673
List the prime factors of 259082.
2, 281, 461
What are the prime factors of 33996448?
2, 941, 1129
What are the prime factors of 14792?
2, 43
List the prime factors of 91174.
2, 45587
What are the prime factors of 291955?
5, 58391
List the prime factors of 6705148.
2, 29, 57803
What are the prime factors of 412885?
5, 11, 7507
List the prime factors of 236061.
3, 7, 1249
What are the prime factors of 6496713?
3, 71, 3389
List the prime factors of 4661370.
2, 3, 5, 7, 151
What are the prime factors of 48002?
2, 24001
List the prime factors of 3547370.
2, 5, 354737
What are the prime factors of 1947652?
2, 7, 19, 523
List the prime factors of 173959.
73, 2383
List the prime factors of 7503365.
5, 859, 1747
List the prime factors of 5109185.
5, 1021837
List the prime factors of 1256789.
23, 53, 1031
What are the prime factors of 6572962?
2, 11, 157, 173
What are the prime factors of 14250707?
2153, 6619
What are the prime factors of 867216?
2, 3, 7, 29, 89
What are the prime factors of 319409?
19, 16811
List the prime factors of 2011861.
2011861
What are the prime facto